{"id":258,"date":"2012-03-17T22:58:29","date_gmt":"2012-03-17T20:58:29","guid":{"rendered":"http:\/\/www.nobili.de\/wp1\/?page_id=258"},"modified":"2024-11-09T20:41:56","modified_gmt":"2024-11-09T18:41:56","slug":"vergangenheit","status":"publish","type":"page","link":"https:\/\/www.nobili.de\/wp1\/historie-von-st-ilgen\/vergangenheit","title":{"rendered":"Vergangenheit"},"content":{"rendered":"<p><strong>Aus der Vergangenheit von St.Ilgen<\/strong><\/p>\n<p>Die ehemalige Gemeinde St. Ilgen, Landkreis Heidelberg, f\u00fchrt das nachfolgend beschriebene Wappen:In geteiltem Schild oben in Blau eine halbe silberne Lilie, unten in Silber drei rote R\u00fcben mit gr\u00fcnen Bl\u00e4ttern.Das Wappen l\u00e4\u00dft sich in dieser Form bereits auf einem St. Ilgener Gerichtssiegel vom Jahre 1701 nachweisen. Die Wappenfarben wurden im Jahre 1899 in Verbindung mit dem Generallandesarchiv festgelegt.<\/p>\n<p>Gemarkungsgr\u00f6\u00dfe: 558 ha, 2 a, 78 qm<\/p>\n<p>davon Waldgemarkung zwischen Sandhausen-Hockenheim 229 ha , 87 a, 5 qm<\/p>\n<p>Anteil Wald:    228 ha, 6 a, 8 qm<\/p>\n<p>H\u00f6he \u00fcber NN:   103-109m<\/p>\n<p>Ortsbereich:    ca. 106 m<\/p>\n<p>Quelle: Heimatgeschichtliche Ausstellung &#8211; Aus der Vergangenheit von St.Ilgen &#8211; 9\/10 September 1978 Gemeindeverwaltung Leimen<\/p>\n","protected":false},"excerpt":{"rendered":"<p>Aus der Vergangenheit von St.Ilgen Die ehemalige Gemeinde St. Ilgen, Landkreis Heidelberg, f\u00fchrt das nachfolgend beschriebene Wappen:In geteiltem Schild oben in Blau eine halbe silberne Lilie, unten in Silber drei rote R\u00fcben mit gr\u00fcnen Bl\u00e4ttern.Das Wappen l\u00e4\u00dft sich in dieser &hellip; <a href=\"https:\/\/www.nobili.de\/wp1\/historie-von-st-ilgen\/vergangenheit\">Weiterlesen <span class=\"meta-nav\">&rarr;<\/span><\/a><\/p>\n","protected":false},"author":1,"featured_media":0,"parent":251,"menu_order":1,"comment_status":"closed","ping_status":"closed","template":"","meta":{"ngg_post_thumbnail":0,"footnotes":""},"class_list":["post-258","page","type-page","status-publish","hentry"],"_links":{"self":[{"href":"https:\/\/www.nobili.de\/wp1\/wp-json\/wp\/v2\/pages\/258","targetHints":{"allow":["GET"]}}],"collection":[{"href":"https:\/\/www.nobili.de\/wp1\/wp-json\/wp\/v2\/pages"}],"about":[{"href":"https:\/\/www.nobili.de\/wp1\/wp-json\/wp\/v2\/types\/page"}],"author":[{"embeddable":true,"href":"https:\/\/www.nobili.de\/wp1\/wp-json\/wp\/v2\/users\/1"}],"replies":[{"embeddable":true,"href":"https:\/\/www.nobili.de\/wp1\/wp-json\/wp\/v2\/comments?post=258"}],"version-history":[{"count":2,"href":"https:\/\/www.nobili.de\/wp1\/wp-json\/wp\/v2\/pages\/258\/revisions"}],"predecessor-version":[{"id":259,"href":"https:\/\/www.nobili.de\/wp1\/wp-json\/wp\/v2\/pages\/258\/revisions\/259"}],"up":[{"embeddable":true,"href":"https:\/\/www.nobili.de\/wp1\/wp-json\/wp\/v2\/pages\/251"}],"wp:attachment":[{"href":"https:\/\/www.nobili.de\/wp1\/wp-json\/wp\/v2\/media?parent=258"}],"curies":[{"name":"wp","href":"https:\/\/api.w.org\/{rel}","templated":true}]}}